e of d**4/12 - 5*d**3/6 - d**2. Calculate o(j).
-17
Let r(f) = 0*f**3 + 841 - 850 - f**3 - f**2. Give r(0).
-9
Let n(l) be the first derivative of -l + 0*l - 2 - l**2 - 2. Calculate n(3).
-7
Let z = -44 + 49. Let o(l) = l**2 - 7*l + 7. Calculate o(z).
-3
Let w(i) = -i**3 + 1. Let x(d) = 3*d**3 + 2. Let y(a) = -3*w(a) + x(a). What is y(-1)?
-7
Let a(q) = -q**2 - 1. Let o = -6 + 7. Give a(o).
-2
Suppose 5*h - b = 4*h + 5, -2*h = -5*b - 10. Let k = 7 - 3. Suppose 5*o - 32 = -k*z, 2*z = 7*z - h*o + 5. Let r(l) = 2*l + 3. Give r(z).
9
Suppose 10*d + 23 = -47. Let u(m) = 3*m + 5. Give u(d).
-16
Let k = 5 + -1. Let x(n) = -k*n - 10 - n + 9. Determine x(1).
-6
Let c(h) be the first derivative of -5/2*h**2 + 4*h - 3 + 1/3*h**3. Give c(3).
-2
Suppose 4*k + 0*k = 0. Let s = k - -1. Let t(n) = 4 - 3*n + s - 3. What is t(-2)?
8
Let v(q) = q**3 + q**2 - 2*q. Let s be v(-2). Let z be 1 + 3*-1 + s. Let b(c) be the second derivative of -c**5/20 - c**4/4 - c**3/3 + c**2 - 3*c. Give b(z).
2
Let c = -10 + 21/2. Let g(h) be the second derivative of -1/6*h**3 - 1/2*h**2 + 0 + c*h**4 - 3*h. What is g(-1)?
6
Let v(z) = z**2 + z - 2. Suppose 0*o = 5*o. Give v(o).
-2
Suppose -30 = 24*s - 29*s. Let t be 30/s + -1 + 0. Let r(y) = 2*y**2 + 6*y - 2. Let w(p) = -3*p**2 - 6*p + 1. Let k(c) = -4*r(c) - 3*w(c). Give k(t).
-3
Let w(u) be the first derivative of u**4/6 - u**3 + 3*u**2/2 - 2*u - 4. Let p(z) be the first derivative of w(z). Give p(4).
11
Let z(p) = p**3 - p**2 - p + 14. Let m = 0 - -15. Let u = -15 + m. Calculate z(u).
14
Let c = -7 + 10. Let k(f) = 1 - f - 3 + 3 - f**3 - f**c. Suppose 0 = 2*u + 2*u - 4. Determine k(u).
-2
Let v(i) = -i**2 + i + 1. Let k(w) = 4*w**2 + 2*w + 4. Let x(s) = -k(s) - 5*v(s). Let z be 48/(-8)*(-4)/3. Give x(z).
-1
Let j(d) = -2*d - 5 - 3*d - d**2 + 0*d. Let v(p) = 3*p - 1. Let y be v(-1). Give j(y).
-1
Let c = 3 - 6. Let g be -1 + -2 + 3/c. Let k(l) = 2*l. Give k(g).
-8
Let p(b) = b**2 - 5*b + 5. Suppose 3*z = z - 12. Let f(j) = -j**2 - 6*j + 4. Let g be f(z). Determine p(g).
1
Suppose 4*n = 5*i + 7 - 26, -5*i = n - 14. Let g = -5 + i. Let k(p) be the first derivative of -2*p**2 - p + 1. Determine k(g).
7
Suppose 3*f + 0*f + 18 = 0. Let a(q) be the first derivative of -q**3/3 - 5*q**2/2 + 7*q - 3. Calculate a(f).
1
Let j(a) = -a - 2. Let q(v) = -v + 1. Let r(w) = 3*j(w) + 4*q(w). What is r(-4)?
26
Let v(o) = 0*o**3 - 2*o**3 + 6 + 3*o**3 + 7*o**2 - 8*o**2. Determine v(0).
6
Suppose 2*p - 7*p + 3 = 3*v, -3*p - 11 = 5*v. Let x(o) = o - 1. Let n(g) = 6*g - 6. Let d(y) = -4*n(y) + 22*x(y). What is d(p)?
-4
Let m be 20/70 + 38/14. Let k(a) = -a + 1. Determine k(m).
-2
Suppose -3*d = 5*l - 21, 17 = 3*l + 3*d + d. Let j(a) = 0*a - l*a - 4*a. Suppose 2*k = c - 2, 3*c - 7*c = -k - 1. Calculate j(k).
7
Let a(s) = 1 + 3 + 4*s**2 - 3 - 5*s**2. Determine a(-3).
-8
Let p(n) be the second derivative of 4*n - 1/20*n**5 + 7/6*n**3 + 0 - 5/2*n**2 - 5/12*n**4. What is p(-6)?
-11
Let c(s) = -s + 7. Let g be c(7). Suppose 4*z = 3*z + 12. Suppose -4*l + z = 3*k, l = 5*k + 3 - g. Let v(j) = -j**2. Determine v(k).
0
Let h(x) = -4*x**2 - 87 + 40 + x**3 - 2*x**3 + 44 - 4*x. Give h(-4).
13
Let q(l) = 6*l**2 - 5*l + 4. Let c(h) = 2*h**2 - 2*h + 1. Let m(b) = -7*c(b) + 2*q(b). Let g be 4 - (4/(-6) + 5/3). Determine m(g).
-5
Let m(t) = t + 2. Let u(y) = 0*y**2 + 5 + y**2 + 2*y - 3*y. Let q be u(0). What is m(q)?
7
Suppose 7*r - 2*r + 25 = 0. Let g(x) be the second derivative of -x**4/12 - 5*x**3/6 + x**2/2 - 4*x. Give g(r).
1
Let g(x) = x**3 - 2*x**2 - 2*x + 4. Let b(d) = d**3 + 5*d**2 + 4*d - 1. Let q be b(-4). Let o = q + 4. Give g(o).
7
Let j(o) = -o**2 - 1. Let f be j(0). Let k(p) = -p**2 + 6*p. Let c(b) = b. Let x(z) = f*c(z) + k(z). Suppose -v = 1, 0 = h + h + 3*v - 7. What is x(h)?
0
Let y = -26 + 31. Let d(z) be the second derivative of 1/12*z**4 - 1/20*z**y + 1/6*z**3 + 4*z - 3/2*z**2 + 0. Determine d(0).
-3
Let l(w) = -w**3 - 5*w**2 - 5*w + 4. Let u be l(-3). Let i(k) = -k**2 + 2*k. Calculate i(u).
1
Let j(z) = -z + 2. Let y be j(-3). Let s(i) be the first derivative of -i**2/2 + 4*i - 9. Calculate s(y).
-1
Let k(j) = 2*j**2 - 3*j - 3. Let o(r) = -5*r**2 + 8*r + 8. Let x(f) = -8*k(f) - 3*o(f). What is x(2)?
-4
Let d(g) = g**2 + 3*g + 2. Let x be d(-2). Suppose 3*t - 2*t - 5 = x. Let s(w) = -t + 0 - w + 1. What is s(-4)?
0
Let y(b) = 3*b**2 + 3*b - 1. Suppose n + 4 = 3*n. Suppose -3*t + 2*t = -n, -1 = m + t. Give y(m).
17
Let j(b) = b + 1. Let c(d) = 5*d + 5. Let g(t) = c(t) - 6*j(t). Give g(6).
-7
Let j(m) = 4*m**2 + 5*m + 2. Let o(y) = 3*y**2 + 6*y + 1. Let a(z) = 2*j(z) - 3*o(z). Calculate a(-6).
13
Let t(c) = -c**3 + 5*c**2 - 2*c - 4. Let x be 3*(-8)/(-18)*3. Determine t(x).
4
Let t(c) = -c**2 - 6*c - 3. Let b(u) = 2*u**2 - 2*u - 1. Let r be b(2). Suppose m + 25 = -4*k, -4*m - 2*k - r*k = 45. What is t(m)?
2
Let m be 4*6/(-16)*-4. Let k(f) be the second derivative of f**3/6 - f**2/2 + 2*f. What is k(m)?
5
Let o(z) = z**3 + z**2 + 2*z + 3. Let l = -1 - 1. Let s be o(l). Let n = s - -5. Let y(m) = m - 3. Calculate y(n).
-3
Let t(q) = -31*q**2 - 13*q - 9. Let h(f) = -16*f**2 - 7*f - 5. Let j(y) = -11*h(y) + 6*t(y). Calculate j(1).
-10
Let d(n) = -3*n**2 - 3*n - 2. Let r(w) = -4*w**2 - 3*w - 2. Let x(o) = -3*d(o) + 2*r(o). Calculate x(-3).
2
Suppose -3 = 2*p - 7. Let j(n) = -n - n + n + p*n + 1. What is j(0)?
1
Let w(g) = -16*g**2 - 11*g - 31. Let a(y) = 3*y**2 + 2*y + 6. Let v(m) = 11*a(m) + 2*w(m). What is v(0)?
4
Let y(a) be the first derivative of 0*a**2 - a - 1 - 2/3*a**3. Give y(-2).
-9
Let r(o) be the second derivative of o**5/120 + 5*o**4/24 - 5*o**3/6 + 2*o. Let w(k) be the second derivative of r(k). Give w(-6).
-1
Let x = 329 + -332. Let o(r) = -9*r + 3. Let g(w) = 26*w - 8. Let i(m) = -6*g(m) - 17*o(m). Calculate i(x).
6
Let x be 2 - (3 + (-4)/1). Suppose s + x = 2*s. Let q(b) = b**2 - b - 1. Determine q(s).
5
Let t(u) = -2*u**3 - 5*u - 2 + 0*u**2 - 5*u**2 - u**2 + u**3. Give t(-5).
-2
Let s(t) be the second derivative of -t**3/3 + 2*t**2 + 5*t. Suppose 9 = i + 2*m, 50 = 5*i - m - 6. Let v = i + -7. Determine s(v).
-4
Let m(b) be the second derivative of -b**5/20 - b**4/2 - 5*b**3/6 + b. Let w be -8 + -2 + 4 - -1*2. Calculate m(w).
-12
Let j(a) = -6*a**3 - 7*a**2 + 5*a - 1. Let y(f) = -f**3 - f**2 + f. Let q(v) = -j(v) + 5*y(v). Determine q(-2).
1
Let k(d) = d**2 - 8*d - 3. Let o(h) = 2*h**3 + 7*h**2 - 1. Let z be o(-3). Calculate k(z).
-3
Let l(p) = p**3 + 7*p**2 - 2*p - 8. Let f be (-17)/34*(-14)/(-1). Give l(f).
6
Let s(p) = p**3 - 3*p**2 - 2*p - 4. Let q = 2 + -2. Let x = 12 - 7. Suppose q = -2*a + 1 + x. Determine s(a).
-10
Let i = 3 - -1. Suppose -3*x - 2 = i. Let k(j) = j**3 + j**2 - 2. What is k(x)?
-6
Let m(a) = 5*a**2 - 1. Let l be m(1). Let w be (27/(-6))/(1/(-2)). Let z(v) = 4*v + 6*v**2 - 7*v**2 + 3 - w + 2*v. Give z(l).
2
Let i(m) = 4*m**2 - 1 + 1 + 1 - 6*m**2. Determine i(-1).
-1
Suppose 2*s - 4*k - 20 = 0, 6 = -2*s - 2*k - 4. Let y = 3 - s. Let b(x) = 3*x - 3. Give b(y).
6
Let p be (-6)/1 + (0 - -4). Let a(b) be the second derivative of b**5/20 + b**4/12 - b**3/6 + b**2 - 3*b. Calculate a(p).
0
Let b(k) be the first derivative of k**5/60 - 7*k**4/24 - k**3/3 - 5*k**2/2 + 3. Let w(x) be the second derivative of b(x). Calculate w(7).
-2
Let o(k) = -8*k**3 + 2*k - 1. Let z be -9 - -5 - (-1 + -2). Let i be 0 + (-1)/z + 0. What is o(i)?
-7
Let z(s) = -s + 3 - 5 + 0. Let d(l) = -l**3 - 3*l**2 + 4*l. Let r be d(-4). Suppose 0 = -p - r*p. Calculate z(p).
-2
Let v(o) be the second derivative of o**5/20 - 5*o**4/12 + o**3/6 + o**2/2 + 7*o. Calculate v(5).
6
Suppose -2*s - 17 = 1. Let m(k) = k**3 + 9*k**2 + k + 9. Calculate m(s).
0
Let o(m) = -4*m**3 + 2*m**2 - 3*m + 4. Let l(k) = 7*k**3 - 4*k**2 + 5*k - 7. Let w(f) = -3*l(f) - 5*o(f). Give w(2).
1
Let l(n) = 10*n - 4. Let m(o) = -2*o + 1. Let s(i) = -3*l(i) - 16*m(i). Determine s(4).
4
Let t = -1 + 6. Let d = 2 - 5. Let g(l) = -l. Let q(w) = 3*w. Let a(h) = d*q(h) - 8*g(h). Determine a(t).
-5
Let b be -3 - (-2 + 1) - -2 - -2. Let a(j) be the first derivative of 1/2*j**b - j - 2. Give a(-4).
-5
Let y(f) = -2*f**3 + 3*f - 7. Let t(p) = -p**3 + p - 3. Let x(n) = 5*t(n) - 2*y(n). Let k be x(-1). Let j(a) = -6*a. Calculate j(k).
-6
Let m(o) = -2*o**2 + 4*o - 1. Let v(w) = 3*w**2 - 3*w. Let t